 z(q) = -6*j(q) + 5*r(q). What is z(d)?
-6
Let b(l) = 146410*l**2 + 13 + 0 - 146406*l**2 + 39*l. Determine b(-9).
-14
Let f be 0 + 3 + (-2 - -18 - 0). Let l(o) = 33 + 9*o**3 - 34 - 17*o**3 - f*o**3 - o. What is l(-1)?
27
Suppose p = -2*j + 20, 3*p - 2*p = -j + 25. Let a = 29 - p. Let m(n) = -33 - 59*n**2 + 71*n**2 + 32. What is m(a)?
11
Let w(q) = -q**3 - 10*q**2 - 8*q + 11. Let f be ((-58)/20 + 476/340)*12/2. Determine w(f).
2
Suppose -12*q = -23*q + 77. Let h = q - 13. Let l(v) = v**2 + 10*v - 7. Let m(b) = -b**2 - 9*b + 6. Let j(k) = -3*l(k) - 4*m(k). What is j(h)?
-3
Let b(u) = -4*u + 12. Let k be ((-49)/(-196))/(2/(-24)). Give b(k).
24
Let z(n) = n**2 - 8*n + 16. Let p be z(6). Let i(h) be the second derivative of -h**4/12 + 5*h**3/6 + h. Let g be i(p). Let q(c) = c**2 - 2*c - 5. Give q(g).
3
Let m(i) = -94*i - 196. Let s be m(-2). Let f(o) = o**2 + 6*o - 3. Let d(u) = -2*u**2 - 13*u + 5. Let k(x) = -3*d(x) - 5*f(x). Give k(s).
-8
Suppose 0 = -3*h - 2*p - 114, -153 = 4*h - 2*p + 5*p. Let f be (2 + -1)/(-1 + (-42)/h). Let x(c) = -1 - c**2 - 6 + 19 - 7*c - f. Calculate x(-7).
6
Let d(b) = 23*b**2 + 13 - 49 + 22*b + 10 + 19 + b**3. Determine d(-22).
-7
Let x be (-3*(-20)/(-12))/(70/(-112)). Let l(u) = u**3 - 7*u**2 - 3*u + 3. Calculate l(x).
43
Let z(k) = -166 + 546*k - 996*k + 506*k. Calculate z(3).
2
Suppose -4*n + 18 = x, -4*n + 4*x + 24 = -4. Let m = -710 + 720. Let a(o) = o + 13 + 11 + 3 - 40 + m. Give a(n).
2
Let p(t) = -87*t + 154*t - 54*t. Determine p(3).
39
Suppose -30*n + 11*n = -88*n + 138. Let l(i) = 4*i**3 + 2*i**2. Determine l(n).
40
Let g(m) = 818 - 28*m**2 - 830 - 12*m + 29*m**2. What is g(12)?
-12
Let o(l) = 4*l - 8. Let t be o(4). Let w be t/(-20) + 66/15. Let p(z) be the second derivative of z**3/3 - z**2/2 + 42*z. Calculate p(w).
7
Let f(h) = -2*h**2 + 12. Let t(s) = 17*s**2 - 24*s - 70. Let m(l) = -6*f(l) - t(l). Give m(5).
-7
Let q(w) = w**2 + 5. Let b be q(0). Let s(a) = -5*a**2 + 410*a + 3. Let o(i) = 2*i**2 - 139*i. Let h(u) = 3*o(u) + s(u). Determine h(b).
-7
Let j(s) be the second derivative of -s**4/24 + s**3/6 + 4*s**2 - s - 48. Let i(p) be the first derivative of j(p). What is i(-2)?
3
Let g be (-1)/(-3*13/312). Let b(o) = -3*o**3 - 21*o**2 + 2*o - 27. Let w(x) = -x**3 - 10*x**2 + x - 13. Let k(n) = 2*b(n) - 5*w(n). Calculate k(g).
3
Let l = -99 + 100. Let q(b) = b - 1. Let v(s) = -14*s**2 + 4*s - 4. Let g(k) = 4*q(k) - v(k). Determine g(l).
14
Let i(t) = 34 - 9 - 11 - 10 - t - 7. What is i(8)?
-11
Let a(h) = 0*h**3 + 14*h**2 + 8 + h**3 - 44*h - 153*h + 196*h. Determine a(-14).
22
Let c(z) = z. Let l(m) = 10*m**2 + m + 1. Let x(v) = c(v) - l(v). Let p(r) = 3*r**2 - 1. Let k = -36 - -36. Let i be p(k). Give x(i).
-11
Let z be 10906/247 - (-2)/(-13). Suppose y = -z + 52. Let s(n) = -2*n + 18. Give s(y).
2
Let u(r) = -7 - 5 + 3*r - 1 + 5. Let t be u(-17). Let w = 61 + t. Let n(x) = x**3 - x**2 + 3*x - 1. Give n(w).
9
Let p(w) = -2*w + 5. Suppose -r - c = 3*c - 22, -7*r + c = -38. Determine p(r).
-7
Let j(t) = -t - 1. Let l be j(-3). Let w(c) = -c**3 - 2*c**2 - 6*c + 8. Let b(u) = 2*u**3 + 5*u**2 + 13*u - 18. Let d(n) = -4*b(n) - 9*w(n). Give d(l).
4
Suppose -2*q = 5*b + 12, -3*q - 2*b + 80 = 109. Let t(n) = -n**2 - 11*n - 3. Determine t(q).
-3
Suppose -64*l = -65*l. Let p(b) = -7*b + 62. Let n(f) = -f + 8. Let m(o) = 6*n(o) - p(o). Calculate m(l).
-14
Let j(o) = -o**3 - o**2 + 13. Let n = -23 + 9. Let u(a) = a**2 + 14*a. Let d be u(n). Give j(d).
13
Let v(b) = b**2 - 7*b - 7. Let a be v(7). Suppose 7 = 2*q + 1. Let k(d) = -4*d - 10. Let w(r) = 7*r + 19. Let c(u) = q*w(u) + 5*k(u). Give c(a).
0
Let w(m) = -159*m + 80. Let i(l) = -132*l + 67. Let u(a) = -6*i(a) + 5*w(a). Let z(f) = 5*f**2 - 2*f - 1. Let g be z(-1). What is u(g)?
-20
Let a(b) = -b**2 - 10*b - 4. Suppose -4*d - 18 = 2*d. Let t be -9 + 7 - (8 + d). Determine a(t).
17
Let n(h) = h. Suppose 12*q = 4 + 56. Suppose -55 + 30 = q*l. Calculate n(l).
-5
Let z(o) = -3 + 207*o + 210*o + 2 + 210*o - 629*o + 77*o**2. Determine z(-1).
78
Let m(i) = -11*i**2 + i + 1. Let a(s) = 37*s**2 - 4*s - 4. Let d(b) = 3*a(b) + 10*m(b). Calculate d(2).
-2
Let h(t) be the second derivative of -t**3/6 - 2*t**2 + 49486*t. Suppose -57 = 6*p - 2*p - 5*u, 5*p = 5*u - 65. Determine h(p).
4
Let k(y) = -y**3 - 3*y**2 + 5*y + 4. Let g be ((-2511)/124)/(1/(-4)*-1). Let x = g + 77. Let t be k(x). Let b(i) = i + 12. What is b(t)?
12
Let y be ((-658)/42 - -16)*(27 - 0). Let a(p) = -8*p - 14. What is a(y)?
-86
Suppose 5*a = -k + 23, -4*a + 144 = 120. Let b(i) = i**2 + 11*i + 23. Give b(k).
-5
Suppose -20 = -5*p + 37*s - 42*s, 5*p - 20 = 4*s. Let n(x) = -x**2 - 6*x + 8. Determine n(p).
-32
Suppose x = -5, 15*c - 25 = 10*c + 5*x. Let q(u) be the first derivative of -u**3/3 + 3*u + 1. Calculate q(c).
3
Let r(n) = 2*n**3 + 13*n**2 - n - 16. Let y = -22858 - -22851. Determine r(y).
-58
Suppose 0 = b + 2*d - 5, -d = 5*b - 71 + 64. Let v be 1*(-1)/1 + 9. Let j(i) = i**2 + i - 2*i**2 + v*i**3 + 0*i**2. Calculate j(b).
8
Let y(k) = -3*k + 18. Let g be y(5). Suppose -g*a + 18 = 3*l - 0*l, 2*l - 42 = -5*a. Suppose -3*p = -8 - a. Let d(q) = -2*q + 1. Give d(p).
-11
Let h = -657 - -655. Let k(o) = 4*o + 18. Calculate k(h).
10
Suppose 2*y + y = 5*f - 15, 5*f = 4*y + 20. Let l(g) be the first derivative of g**2/2 + 7*g + 103166. Determine l(f).
7
Let x(f) = -f**3 - 15*f**2 - 15*f - 12. Let b(q) = q**2 - 7*q + 9. Let v be b(6). Let a be 12/(-6 + v) + 13 + -23. Give x(a).
2
Let q(m) = 5*m**3 - m**2 + m. Let g be q(1). Let s(h) be the third derivative of h**6/120 - h**5/15 - h**4/3 + 3*h**3 + 5*h**2 - 74*h. What is s(g)?
3
Let b(v) = 3*v + 7. Let a(t) = 2*t**2 + 136*t + 624. Let x be a(-63). What is b(x)?
-11
Let o be (-15)/35 - 640/140. Let i(x) = -x**3 - 5*x**2 - 3*x - 8. What is i(o)?
7
Let y(s) be the third derivative of 15*s + 1/12*s**5 + 0 - 5/6*s**3 - s**2 + 1/120*s**6 + 0*s**4. Determine y(-5).
-5
Let l(g) = g**3 + 9*g**2 + 16*g + 22. Let o = 29546 + -29552. Determine l(o).
34
Suppose 2 = -4*i - w + 3*w, 3*i + 14 = 4*w. Suppose 0 = -4*y + 1 + 3, -4*y = -i*g. Let o(n) = n - 1. Give o(g).
1
Let r(o) = 2*o - 1. Let a(c) = c - 1. Let b(w) = -2*a(w) + 3*r(w). Let v be 3*3 + (-7)/(2 + -9). Suppose -v*x - 3 - 7 = 0. Calculate b(x).
-5
Let k(w) be the second derivative of -w**4/2 - w**3/3 + 3*w**2 + 2*w + 128. What is k(3)?
-54
Suppose 2 = 2*k - l, 4*k - 7*l + 4*l - 2 = 0. Let m(c) be the first derivative of -1/2*c**2 + 42 - k*c. Calculate m(0).
-2
Let z(n) = n**2 - 8*n - 3. Let i(b) = b**3 + 14*b**2 + 31*b - 16. Suppose -k + 2*k = 3*x + 37, 4*k - 16 = 0. Let t be i(x). Calculate z(t).
-15
Let p(o) = 84 - 332 + 72 + 8*o + 76 + 81. Calculate p(14).
93
Let x = 242 - 45. Let q = x + -203. Let w(k) be the first derivative of k**3/3 + 5*k**2/2 - 8*k + 1. What is w(q)?
-2
Let u = -133 - -136. Let f(q) = -u + 5 + 679*q - 677*q. Determine f(2).
6
Let f(s) = -44*s - 66. Let d(m) = 9*m + 15. Let i(y) = -28*d(y) - 6*f(y). Calculate i(-8).
-120
Let i(s) be the third derivative of s**5/15 - 7*s**4/24 + 5*s**3/6 - 2*s**2 - 343. Calculate i(2).
7
Let c(g) = -g**3 - 19*g**2 - 5*g - 37. Suppose -5*t + 169 = -3*b + 249, 5*t - 4*b + 75 = 0. Calculate c(t).
58
Suppose 4*g + 4*s - 8 = -0*g, 18 = -g - 5*s. Let a be -1 + (g - 7)*2/(-4). Let i(c) = -6*c**2 - 2*c - 2. Give i(a).
-6
Let r = -282 + 286. Let n(i) = 2*i - 3*i**2 - 4*i**2 - 3*i**2 + r + 11*i**2. Calculate n(5).
39
Let i(f) = f**3 + 5*f**2 - 5*f - 2. Suppose -2*p + 28 + 422 = 0. Suppose p*x - 52 = 238*x. Determine i(x).
34
Let w(n) = -n**3 - 18*n**2 - 19*n + 5. Let t(a) = -3*a**2 + a + 7. Let d be t(3). Let s be w(d). Let r(h) = -19*h + 1 - 21*h + s*h. Calculate r(2).
-1
Let y(d) = d**3 + 22*d**2 + 22*d - 7. Suppose -3*c - 33 = -2*x - 3*x, -2*c - 5*x - 72 = 0. Determine y(c).
-28
Suppose -3*g + 6 = -5*c, -5*g + 8 = -c + 20. Let v(t) be the second derivative of -t**3/6 - 2*t**2 - 558*t - 104. Calculate v(c).
-1
Let j(q) = -4 - 3*q**2 - 3*q - 2 + 4*q**2. Suppose 4*b = 7*u - 4*u + 38, 0 = -5*b - 4*u + 63. Let t be ((-10)/(-165)*18)/(2/b). Determine j(t).
12
Let h be (-3808)/560 + (10/100)/((-2)/4). Let n(z) = -2*z**3 - 10*z**2 + 29*z + 10. Calculate n(h).
3
Let d(t) = 5*t**2 - 13*t + 23. Let f(q) = 14*q**2 - 40*q + 59. Let i(z) = -11*d(z) + 4*f(z). Give i(18).
1
Suppose 27